3 + 325. What is o(x)?
-73
Let c be 5 + (12/(-8))/((-3)/12). Suppose -3*f + 3*z = -33, 4*z + c + 17 = 2*f. Let x(s) = s - 10. Determine x(f).
-2
Suppose 4*l + l - 5*j = 15, 2*l - 3 = j. Suppose l = -5*r - 25, -8 = -4*c - 4*r - 0. Let p(y) = -y + 6. Determine p(c).
-1
Let o(q) = -2*q + 75. Let y(s) = s + 1. Let n(t) = -o(t) - 5*y(t). Let v be n(-25). Let u(i) = -i**2 - 5*i - 7. Give u(v).
-7
Let c(w) = -2*w + 6. Suppose d + 64 = 3*y, -12 + 84 = 3*y - 3*d. Let u be 3/((-3)/4)*y/(-10). Suppose 0 = -t - 5, u = 2*j + t + 3. Calculate c(j).
-4
Let n = -17 + 12. Let a(b) = -13*b - 9. Let j(p) = -15*p - 10. Let h(r) = 5*a(r) - 4*j(r). Let d(q) = -q + 2. Let l(i) = d(i) - h(i). Give l(n).
-13
Let x(p) = p**3 + 12*p**2 + 12*p + 20. Let v be x(-11). Suppose 12*y = 117 - v. Let o be (-5 - (-6 + 5)) + y. Let b(r) = -2*r - 1. Determine b(o).
-11
Let v be (9 - 3)*-23*-2. Let t = -269 + v. Let d(s) = -s**3 + 7*s**2 + 5. Calculate d(t).
5
Let l(c) be the third derivative of -c**4/24 + 2*c**3/3 - c**2. Suppose 3*r - 3*t - 9 = 0, -r + 0*t + 2*t + 8 = 0. Let z = r - 3. Determine l(z).
9
Let d(n) = -n**3 - n**2 + 66*n - 140. Let m be d(6). Let q(z) be the third derivative of -7*z**2 + 0*z - 1/24*z**m + 2/3*z**3 + 0. What is q(6)?
-2
Suppose 112*g = 81*g + 155. Let a(x) = x**2 + x - 9. Determine a(g).
21
Suppose 31*n - 920 = -269. Let c(b) = -n - 3*b - 2*b - b + 7 + 3*b. Determine c(-6).
4
Let j(i) = -51 - 9*i + 61 + 34*i - 12. Determine j(-4).
-102
Let r be 1 + (-6 - -3) + 1. Let v be ((-1)/((-3)/(-15)))/r. Let u(c) = 2*c**2 + 4*c - 17. Let w(p) = 3*p**2 + 8*p - 27. Let f(b) = 5*u(b) - 3*w(b). Give f(v).
1
Let h(n) = -2*n - 3*n**3 + 740*n**2 - 1 + 4*n - 734*n**2 + n**3 + 0*n**3. Let z(m) = -m**3 + m**2 - 1. Let o = -2 - 1. Let p(a) = o*z(a) + h(a). Give p(-4).
-22
Let f(i) = -9*i**3 + 9*i**2 + 6*i - 2. Let l(c) = -22*c**3 + 19*c**2 + 16*c - 4. Let u(m) = -5*f(m) + 2*l(m). Calculate u(3).
-28
Let u(n) = 0 + 3*n**3 + 1 - 2*n**3 + n**2. Let p(c) = -5*c**3 + 47*c**2 + 13*c + 8. Let m be p(9). Suppose -12*j + m = 263. What is u(j)?
13
Let o(i) be the third derivative of -i**6/120 + i**5/6 - 3*i**4/8 + 51*i**2 + 3*i - 2. What is o(9)?
0
Let d = 10 + 4. Suppose d = 16*h - 18. Let r(f) = -4 - h*f**2 + 6*f**2 - 3*f**2 + 20. Give r(0).
16
Let m(f) = -7*f**2 - 205*f + 122*f + f**3 + 90*f - 41. Calculate m(7).
8
Let a be 2 + -2 + 0 + -4 + 11. Suppose -7*t = -6*t - a*t. Suppose 4*v - 4*j + 9*j - 9 = t, 3*j = -3*v + 3. Let f(z) = -z**3 - 3*z**2 + 7*z + 6. What is f(v)?
-6
Let a be ((-12)/15*69/(-92))/(6/110). Let j(x) = x**2 - 15*x - 25. Give j(a).
-69
Let r(t) = 4*t + 20. Let y(p) = -8*p + 0*p + 13*p + 32 - 8. Let g(h) = -6*r(h) + 5*y(h). Give g(1).
1
Let i(x) = -x**3 - x**2 - x - 18. Let m(y) = y**2 + y + 1. Let u(l) = -2*i(l) - 2*m(l). Let o(q) be the first derivative of u(q). Determine o(-2).
24
Suppose 3*u - 6*w + 5*w = 7, 3*w + 3 = 0. Let i(z) = z**3 + 4*z**2 - 8 + z**u + 2*z + 10. Let l = -102 + 97. What is i(l)?
-8
Let b(q) = -q + 1. Let f(m) = 4*m - 2. Let x(o) = 5*b(o) + f(o). Give x(2).
1
Let r(m) = -2*m - 3. Let l(g) = -3*g - 3. Let a = -41 - -54. Suppose -a = 3*p - x, 2*p - 2*x = x - 18. Let q(b) = p*l(b) + 4*r(b). Give q(8).
5
Let o(x) = 8 - 14 + 6*x - 4*x. Let y = -140 - -140. What is o(y)?
-6
Let q = -99 - -95. Let a be 1/(-3) + (-21)/(-9). Let i(h) = 4*h - 4*h + 3*h - a*h. Calculate i(q).
-4
Let d(p) = -7*p**3 - 47*p**2 - 21*p - 47. Let i(c) = -c**3 - c**2 - c - 1. Let k(r) = -d(r) + 4*i(r). What is k(-14)?
1
Suppose q - 9 = -2*q. Let p be (-15 + 14)/((-1)/q). Let v(u) be the second derivative of -u**4/12 - u**3/6 + u**2/2 + 4*u - 8. What is v(p)?
-11
Let g(o) = -o**3 - 5*o**2 - 10*o + 12. Let t = 32 - 29. Let x(a) = 20*a + 21*a**3 - 7*a**3 - 24 - 11*a**t + 9*a**2. Let v(p) = -5*g(p) - 2*x(p). What is v(8)?
4
Let v(j) = -14*j**2 + j + 1. Let l(q) = -1. Let w(d) = -l(d) - v(d). Suppose 3*b = 9*b - 12. Let s(i) = -i**2 - 6*i + 17. Let h be s(b). What is w(h)?
13
Let m(s) be the second derivative of s**4/12 + 5*s**3/6 - s**2/2 + 140*s. Let o(p) = -p**3 - 11*p**2 - 7*p + 24. Let z be o(-10). Give m(z).
5
Suppose 5*a + 400 = -355. Let t = 153 + a. Let h(b) = 6*b**2. Calculate h(t).
24
Let o(n) be the second derivative of n**4/2 + n**3/3 + n**2/2 - 2*n - 17048. Let a(s) = 2*s**3 + 1. Let d be a(-1). What is o(d)?
5
Suppose w = 5*w + 24. Let n be 2/(-2)*(0 - 1). Let p(o) = -1 + 3*o**2 - 2*o**2 - n + 4*o + 6. What is p(w)?
16
Let t(w) = w**2 - w + 3. Let l = 8 - 8. Suppose s + 3 = j + 2*j, -j - 5*s + 17 = l. Suppose -3 = 4*y - 3*r, -j*r = 2*y - 0*r - 2. What is t(y)?
3
Suppose 3*y + r - 7 = 4*y, -31 = 5*y - r. Let a(w) = -2*w + 2258 + 2253 - 4511. Calculate a(y).
12
Let t(y) = -y**2 + 5*y + 1. Let b(i) = -4*i**3 + 2*i**2 + i - 2. Let h be b(-2). Suppose 0*f + m - 128 = -3*f, 0 = 5*f + 3*m - 220. Let s = f - h. Give t(s).
1
Let y(t) be the first derivative of -7*t**2 - 3*t + 873. Suppose -3*h = d + 4*d + 31, 0 = -4*h - d - 13. Calculate y(h).
25
Let j be 0 + (-48)/54 + 3192/(-1026). Let v(d) = -d**2 + 1 - 4 - 5*d - 1. Determine v(j).
0
Let r be 43/5 + 2 - 74/(-185). Suppose -r*s - 140 = -31*s. Let j(z) = -3 + z - 3 - 1. Determine j(s).
0
Let w(b) = b**3 - 12*b**2 - 15*b + 30. Let q be w(13). Suppose 5*k - 19 = -2*z, 0 = 2*k + 15*z - 13*z - q. Let p(t) = -t**3 + 4*t**2 + 7*t - 9. Give p(k).
1
Let c(k) = -170*k - 966*k - 3 + k**2 + 1132*k. Suppose -4*a - a + 23 = 2*t, 3*a - 3*t - 18 = 0. Determine c(a).
2
Let o(k) = -k**3 - 6*k**2 - 7*k - 5. Let j = -331 - -269. Let d = -67 - j. Calculate o(d).
5
Let r(c) = c**2 + 5*c - 23. Let y be -7*(-11)/154*-12. Determine r(y).
-17
Let c(j) = 2*j**3 - 3*j**2 - 3 + 3. Let s be 5/(225/70) - (-29)/(2610/40). Determine c(s).
4
Let b(a) = a - 14. Let w be (-9)/24 + (-378)/(-112). Suppose -w*q + y - 4*y = -36, -4*y - 24 = -4*q. What is b(q)?
-5
Let y(b) = 3*b**2 - 10*b - 6. Let c(m) = -7*m**2 + 20*m + 13. Let n(u) = 2*c(u) + 5*y(u). Suppose 52*s - 638 + 66 = 0. Calculate n(s).
7
Suppose 0 = 131*c - 14319 + 15498. Let l(f) be the second derivative of -f**4/12 - 5*f**3/3 - 13*f**2/2 + 6*f. What is l(c)?
-4
Let j(w) be the first derivative of -w**3/3 + 13*w**2 + 113*w + 187. Determine j(30).
-7
Suppose 3*i + x - 5*x - 76 = 0, 99 = 4*i - 3*x. Suppose 3*c - i = -3*c. Let a(v) = -17*v - 17*v + 36*v - c. Calculate a(6).
8
Let v(a) = 2*a + 7. Let q be v(-6). Let x(d) be the second derivative of -d**4/12 - d**3/2 + 13*d**2/2 - 4310*d. Determine x(q).
3
Let q(h) = 68*h + 1 - 32*h - 35*h. Let w = -1128 + 1130. What is q(w)?
3
Let r be 18/5 + 4/(-60)*-6. Suppose -14*f = -r*f - 50. Suppose 0 = -5*m + f*l + 45, -l = -m + 3*l + 21. Let x(k) = k - 7. Determine x(m).
-2
Let r(c) be the third derivative of 7*c**5/120 + 3*c**4/8 - 13*c**3/2 + 128*c**2 + 2. Let u(o) be the first derivative of r(o). What is u(-2)?
-5
Let x be (-6 - 2)*(1/1 - 2). Suppose 4*s = 2*s + x. Suppose -2*j + s*j = -l - 8, -3*j - 17 = -l. Let i(n) = 3*n + 7. Calculate i(j).
-8
Let z(d) = -8 + 13*d**2 - 4 + 11 + 5*d - 23*d + 17*d. What is z(-2)?
53
Suppose 0*c + 66 = -3*c. Let s be 56/24 + (-65)/(-3). Let b = c + s. Let x(z) = z**3 - z**2 + 2. Determine x(b).
6
Suppose -220 = -5*v + v - y, -262 = -5*v + 2*y. Let c be (v/24)/((-1)/(-4)). Let z(t) = 3*t - 10*t + c - 2*t + 3*t - t**2. What is z(-7)?
2
Let b(n) = 6*n + 88. Suppose 0 = 17*o + 534 - 245. Determine b(o).
-14
Suppose 3*r - 9 = 204. Suppose -2*f - 25 = -5*z - 0, -r = 4*f - 3*z. Let a(l) = -l**3 - 21*l**2 - 21*l - 15. Determine a(f).
5
Let x(w) = 59*w**2 - 5 + 55*w**2 - 115*w**2 - 30 + 4*w + 9*w. What is x(8)?
5
Let m(f) = -4*f**3 - 18*f**2 - 6*f - 1. Let q(l) = 3*l**3 + 13*l**2 + 4*l + 1. Let g(b) = 5*m(b) + 7*q(b). Determine g(2).
10
Let a(d) = -16*d + 11. Let r(m) = 27*m - 18. Let o(g) = 5*a(g) + 3*r(g). Give o(6).
7
Let u(q) = q + 9. Suppose 37*d + 250 = 68*d - 41*d. Give u(d).
-16
Let u = 163 + -159. Let s(z) = -6*z + 10*z - u*z - z. What is s(0)?
0
Suppose 5*m + 25 = -0*m, 5*m + 21 = -2*u. Let p(d) = -22 + 8 - d**u + 6 + 7 + 7*d. Let n = -33 + 40. Calculate p(n).
-1
Let a(s) = s**3 - 2*s**2 - 3*s. Suppose -t = -7*t - 120. Let h be (-10)/(-4)*(-8)/t. Let r be ((-15)/(-6))/h*(-12)/(-10). Calculate a(r).
0
Let b = -17 + 21. Let h(d) = -19*d**2 + 5*d. Let q(w) = 15*w**2 - 4*w. Let u(n) = -4*h(n) - 5*q(n). Determine u(b).
16